{"id":2096,"date":"2016-06-15T15:40:46","date_gmt":"2016-06-15T15:40:46","guid":{"rendered":"https:\/\/veesbook.net\/wordpress\/?page_id=2096"},"modified":"2016-06-15T15:47:59","modified_gmt":"2016-06-15T15:47:59","slug":"chronik-billingshausen","status":"publish","type":"page","link":"https:\/\/veesbook.net\/wordpress\/traditionelles\/chronik-billingshausen\/","title":{"rendered":"Chronik Billingshausen"},"content":{"rendered":"<header class=\"entry-header\">\n<h1 class=\"entry-title\">Freundschaft zwischen Westervesede und Billingshausen<\/h1>\n<\/header>\n<div class=\"entry-content\">\n<p><em><img loading=\"lazy\" decoding=\"async\" class=\"alignleft wp-image-1975 size-thumbnail\" src=\"https:\/\/veesbook.net\/wordpress\/wp-content\/uploads\/2016\/02\/Wappen-Biilingshausen-150x150.jpg\" alt=\"Wappen Biilingshausen\" width=\"150\" height=\"150\" \/><\/em><\/p>\n<p>In der Chronik von Billingshausen ( 2009), Seite 139 kann man zum Thema Freundschaft mit Westervesede lesen:<em><br \/>\n<\/em><\/p>\n<p><em>Die Landjugendgruppe Westervesede ist berufsst\u00e4ndisch und konfessionell nicht gebunden. Man pflegt neben Sitten und Gebr\u00e4uchen auch die plattdeutsche Sprache und, nat\u00fcrlich, Musik und Tanz.<\/em><\/p>\n<p><em>1974 nahm ihr damaliger Vorsitzender G\u00fcnter Indorf w\u00e4hrend eines Besuches in Lohr am Main Kontakt auf mit der evang. Landjugend Billingshausen. Der Wunsch nach freundschaftlichen Kontakten fand sogleich bei B\u00fcrgermeister Heu\u00dflein und den Landjugendvorsitzenden sympathisches Entgegenkommen.<\/em><\/p>\n<p><em>Bei der Wahrnehmung gleicher Interessenlagen wurde zum Erntedankfest 1974 in Billingshausen der Besuch der Landjugendgruppe Westervesede vereinbart. 1976 traf man sich zum Gegenbesuch in der L\u00fcneburger Heide.<\/em><\/p>\n<p><em>\u00dcber die Landjugend hinaus wurden die Kontakte durch die \u201eFr\u00e4nkischen Musikanten\u201c, dem Spielmanzug Westervesede unde den Freiwilligen Feuerwehren beider Ortschaften gepflegt.<\/em><\/p>\n<p><em>Zum 30 j\u00e4hrigen Jubil\u00e4um der Freundschaft traf man sich 2004 in der L\u00fcneburger Heide. Zu deren 33 j\u00e4hrigem Jubil\u00e4um kam eine Gruppe von 40 Teilnehmern aus Westervesede nach Billingshausen; man feierte und bewirtete sich mit eigenen Spezialit\u00e4ten.<\/em><\/p>\n<p><em>Die Initiatoren der Begegnungen waren und sind G\u00fcnter Indorf und Egon Hasenfu\u00df<\/em><\/p>\n<p>Die Freundschaften zwischen den Jugendlichen f\u00fchrten inzwischen auch zu famili\u00e4ren Bindungen; \u00a0mehrmals im Jahr finden gegenseitige Besuche \u2013 inzwischen auch von Jugendlichen der n\u00e4chsten Generation \u2013 statt.<br \/>\n(awl)<\/p>\n<\/div>\n","protected":false},"excerpt":{"rendered":"<p>Freundschaft zwischen Westervesede und Billingshausen In der Chronik von Billingshausen ( 2009), Seite 139 kann man zum Thema Freundschaft mit Westervesede lesen: Die Landjugendgruppe Westervesede ist berufsst\u00e4ndisch und konfessionell nicht gebunden. Man pflegt neben Sitten und Gebr\u00e4uchen auch die plattdeutsche Sprache und, nat\u00fcrlich, Musik und Tanz. 1974 nahm ihr damaliger Vorsitzender G\u00fcnter Indorf w\u00e4hrend eines [&hellip;]<\/p>\n","protected":false},"author":3,"featured_media":0,"parent":117,"menu_order":0,"comment_status":"closed","ping_status":"closed","template":"","meta":{"_genesis_hide_title":false,"_genesis_hide_breadcrumbs":false,"_genesis_hide_singular_image":false,"_genesis_hide_footer_widgets":false,"_genesis_custom_body_class":"","_genesis_custom_post_class":"","_genesis_layout":"","footnotes":""},"class_list":{"0":"post-2096","1":"page","2":"type-page","3":"status-publish","5":"entry"},"_links":{"self":[{"href":"https:\/\/veesbook.net\/wordpress\/wp-json\/wp\/v2\/pages\/2096","targetHints":{"allow":["GET"]}}],"collection":[{"href":"https:\/\/veesbook.net\/wordpress\/wp-json\/wp\/v2\/pages"}],"about":[{"href":"https:\/\/veesbook.net\/wordpress\/wp-json\/wp\/v2\/types\/page"}],"author":[{"embeddable":true,"href":"https:\/\/veesbook.net\/wordpress\/wp-json\/wp\/v2\/users\/3"}],"replies":[{"embeddable":true,"href":"https:\/\/veesbook.net\/wordpress\/wp-json\/wp\/v2\/comments?post=2096"}],"version-history":[{"count":2,"href":"https:\/\/veesbook.net\/wordpress\/wp-json\/wp\/v2\/pages\/2096\/revisions"}],"predecessor-version":[{"id":2099,"href":"https:\/\/veesbook.net\/wordpress\/wp-json\/wp\/v2\/pages\/2096\/revisions\/2099"}],"up":[{"embeddable":true,"href":"https:\/\/veesbook.net\/wordpress\/wp-json\/wp\/v2\/pages\/117"}],"wp:attachment":[{"href":"https:\/\/veesbook.net\/wordpress\/wp-json\/wp\/v2\/media?parent=2096"}],"curies":[{"name":"wp","href":"https:\/\/api.w.org\/{rel}","templated":true}]}}