{"id":2184,"date":"2016-07-02T08:02:16","date_gmt":"2016-07-02T08:02:16","guid":{"rendered":"https:\/\/veesbook.net\/wordpress\/?page_id=2184"},"modified":"2017-11-01T18:50:58","modified_gmt":"2017-11-01T17:50:58","slug":"wir-in-vees-2","status":"publish","type":"page","link":"https:\/\/veesbook.net\/wordpress\/wir-in-vees-2\/","title":{"rendered":"Wir in Vees"},"content":{"rendered":"<p><span style=\"font-family: verdana,geneva,sans-serif;\">Unter diesem Men\u00fcpunkt gibt es Informationen zum heutigen Westervesede mit seiner \u00f6rtlichen Verwaltung, der <a href=\"https:\/\/veesbook.net\/wordpress\/die-lokalpostille\/\">Lokalpostille<\/a>, den <a href=\"https:\/\/veesbook.net\/wordpress\/wir-in-vees\/oeffent-einrichtungen\/\">\u00f6ffentlichen Einrichtungen<\/a>, den <a href=\"https:\/\/veesbook.net\/wordpress\/wir-in-vees\/vereine-und-gruppen\/\">Vereinen und Gruppen<\/a>, <\/span><span style=\"font-family: verdana,geneva,sans-serif;\">die das gesellschaftliche Leben pr\u00e4gen.<\/span><\/p>\n<p><span style=\"font-family: verdana,geneva,sans-serif;\">Es findet sich aber auch ein Auflistung von <a href=\"https:\/\/veesbook.net\/wordpress\/wir-in-vees\/firmen-und-unternehmen\/\">Betrieben und Unternehmen<\/a>, die hier ans\u00e4ssig sind und im wesentlichen die \u00f6rtliche Wirtschaftskraft ausmachen. <\/span><\/p>\n<p><span style=\"font-family: verdana,geneva,sans-serif;\">Auf der nachstehenden Karte ist das Gebiet der Gemarkung Westervesede hervorgehoben.<\/span><\/p>\n<p>&nbsp;<\/p>\n<p><img loading=\"lazy\" decoding=\"async\" class=\"size-full wp-image-930\" src=\"https:\/\/veesbook.net\/wordpress\/wp-content\/uploads\/2016\/03\/2002-gemarkung-wv.jpg\" alt=\"2002-gemarkung - wv\" width=\"2830\" height=\"3343\" srcset=\"https:\/\/veesbook.net\/wordpress\/wp-content\/uploads\/2016\/03\/2002-gemarkung-wv.jpg 2830w, https:\/\/veesbook.net\/wordpress\/wp-content\/uploads\/2016\/03\/2002-gemarkung-wv-254x300.jpg 254w, https:\/\/veesbook.net\/wordpress\/wp-content\/uploads\/2016\/03\/2002-gemarkung-wv-377x445.jpg 377w\" sizes=\"auto, (max-width: 2830px) 100vw, 2830px\" \/><\/p>\n<p>2002-gemarkung &#8211; wv<\/p>\n","protected":false},"excerpt":{"rendered":"<p>Unter diesem Men\u00fcpunkt gibt es Informationen zum heutigen Westervesede mit seiner \u00f6rtlichen Verwaltung, der Lokalpostille, den \u00f6ffentlichen Einrichtungen, den Vereinen und Gruppen, die das gesellschaftliche Leben pr\u00e4gen. Es findet sich aber auch ein Auflistung von Betrieben und Unternehmen, die hier ans\u00e4ssig sind und im wesentlichen die \u00f6rtliche Wirtschaftskraft ausmachen. Auf der nachstehenden Karte ist das [&hellip;]<\/p>\n","protected":false},"author":3,"featured_media":0,"parent":0,"menu_order":0,"comment_status":"closed","ping_status":"closed","template":"","meta":{"_genesis_hide_title":false,"_genesis_hide_breadcrumbs":false,"_genesis_hide_singular_image":false,"_genesis_hide_footer_widgets":false,"_genesis_custom_body_class":"","_genesis_custom_post_class":"","_genesis_layout":"","footnotes":""},"class_list":{"0":"post-2184","1":"page","2":"type-page","3":"status-publish","5":"entry"},"_links":{"self":[{"href":"https:\/\/veesbook.net\/wordpress\/wp-json\/wp\/v2\/pages\/2184","targetHints":{"allow":["GET"]}}],"collection":[{"href":"https:\/\/veesbook.net\/wordpress\/wp-json\/wp\/v2\/pages"}],"about":[{"href":"https:\/\/veesbook.net\/wordpress\/wp-json\/wp\/v2\/types\/page"}],"author":[{"embeddable":true,"href":"https:\/\/veesbook.net\/wordpress\/wp-json\/wp\/v2\/users\/3"}],"replies":[{"embeddable":true,"href":"https:\/\/veesbook.net\/wordpress\/wp-json\/wp\/v2\/comments?post=2184"}],"version-history":[{"count":6,"href":"https:\/\/veesbook.net\/wordpress\/wp-json\/wp\/v2\/pages\/2184\/revisions"}],"predecessor-version":[{"id":3387,"href":"https:\/\/veesbook.net\/wordpress\/wp-json\/wp\/v2\/pages\/2184\/revisions\/3387"}],"wp:attachment":[{"href":"https:\/\/veesbook.net\/wordpress\/wp-json\/wp\/v2\/media?parent=2184"}],"curies":[{"name":"wp","href":"https:\/\/api.w.org\/{rel}","templated":true}]}}

<p><span style="font-family: verdana,geneva,sans-serif;">Unter diesem Menüpunkt gibt es Informationen zum heutigen Westervesede mit seiner örtlichen Verwaltung, der <a href="https://veesbook.net/wordpress/die-lokalpostille/">Lokalpostille</a>, den <a href="https://veesbook.net/wordpress/wir-in-vees/oeffent-einrichtungen/">öffentlichen Einrichtungen</a>, den <a href="https://veesbook.net/wordpress/wir-in-vees/vereine-und-gruppen/">Vereinen und Gruppen</a>, </span><span style="font-family: verdana,geneva,sans-serif;">die das gesellschaftliche Leben prägen.</span></p>
<p><span style="font-family: verdana,geneva,sans-serif;">Es findet sich aber auch ein Auflistung von <a href="https://veesbook.net/wordpress/wir-in-vees/firmen-und-unternehmen/">Betrieben und Unternehmen</a>, die hier ansässig sind und im wesentlichen die örtliche Wirtschaftskraft ausmachen. </span></p>
<p><span style="font-family: verdana,geneva,sans-serif;">Auf der nachstehenden Karte ist das Gebiet der Gemarkung Westervesede hervorgehoben.</span></p>
<p>&nbsp;</p>
<p><img loading="lazy" decoding="async" class="size-full wp-image-930" src="https://veesbook.net/wordpress/wp-content/uploads/2016/03/2002-gemarkung-wv.jpg" alt="2002-gemarkung - wv" width="2830" height="3343" srcset="https://veesbook.net/wordpress/wp-content/uploads/2016/03/2002-gemarkung-wv.jpg 2830w, https://veesbook.net/wordpress/wp-content/uploads/2016/03/2002-gemarkung-wv-254x300.jpg 254w, https://veesbook.net/wordpress/wp-content/uploads/2016/03/2002-gemarkung-wv-377x445.jpg 377w" sizes="auto, (max-width: 2830px) 100vw, 2830px" /></p>
<p>2002-gemarkung &#8211; wv</p>

<p>Unter diesem Menüpunkt gibt es Informationen zum heutigen Westervesede mit seiner örtlichen Verwaltung, der Lokalpostille, den öffentlichen Einrichtungen, den Vereinen und Gruppen, die das gesellschaftliche Leben prägen. Es findet sich aber auch ein Auflistung von Betrieben und Unternehmen, die hier ansässig sind und im wesentlichen die örtliche Wirtschaftskraft ausmachen. Auf der nachstehenden Karte ist das [&hellip;]</p>
