{"id":2312,"date":"2016-09-04T08:19:52","date_gmt":"2016-09-04T08:19:52","guid":{"rendered":"https:\/\/veesbook.net\/wordpress\/?page_id=2312"},"modified":"2026-09-02T13:51:24","modified_gmt":"2026-09-02T11:51:24","slug":"eigene-publikationen","status":"publish","type":"page","link":"https:\/\/veesbook.net\/wordpress\/veesbook\/eigene-publikationen\/","title":{"rendered":"eigene Publikationen"},"content":{"rendered":"<p>Neben den Beitr\u00e4gen im digitalen &#8222;Geschichtenbuch&#8220; und Pr\u00e4sentationen f\u00fcr die Senioren und am M\u00fchlentag wurden bisher in gedruckter Form ver\u00f6ffentlicht:<\/p>\n<h4>November 2024<\/h4>\n<h4><img loading=\"lazy\" decoding=\"async\" class=\"size-medium wp-image-5844 alignright\" src=\"https:\/\/veesbook.net\/wordpress\/wp-content\/uploads\/2025\/03\/25-Kalender-300x223.png\" alt=\"\" width=\"300\" height=\"223\" srcset=\"https:\/\/veesbook.net\/wordpress\/wp-content\/uploads\/2025\/03\/25-Kalender-300x223.png 300w, https:\/\/veesbook.net\/wordpress\/wp-content\/uploads\/2025\/03\/25-Kalender-598x445.png 598w, https:\/\/veesbook.net\/wordpress\/wp-content\/uploads\/2025\/03\/25-Kalender.png 922w\" sizes=\"auto, (max-width: 300px) 100vw, 300px\" \/> <\/h4>\n<p>Im VEESbook-Kalender 2025 befinden sich (Landschafts-) Impressionen aus dem Jahr 2021.<\/p>\n<h4>\u00a0<\/h4>\n<h4>\u00a0<\/h4>\n<h4>\u00a0<\/h4>\n<h4>September 2023<\/h4>\n<p><img loading=\"lazy\" decoding=\"async\" class=\"size-medium wp-image-5843 alignleft\" src=\"https:\/\/veesbook.net\/wordpress\/wp-content\/uploads\/2025\/03\/2024-Kalender-300x227.png\" alt=\"\" width=\"300\" height=\"227\" srcset=\"https:\/\/veesbook.net\/wordpress\/wp-content\/uploads\/2025\/03\/2024-Kalender-300x227.png 300w, https:\/\/veesbook.net\/wordpress\/wp-content\/uploads\/2025\/03\/2024-Kalender-589x445.png 589w, https:\/\/veesbook.net\/wordpress\/wp-content\/uploads\/2025\/03\/2024-Kalender.png 737w\" sizes=\"auto, (max-width: 300px) 100vw, 300px\" \/><\/p>\n<h4>\u00a0<\/h4>\n<p>Im VEESbook-Kalender 2023 sind Bilder von verschiedenen Westerveseder Veranstaltungen gezeigt.<\/p>\n<h4>\u00a0<\/h4>\n<h4>\u00a0<\/h4>\n<h4>\u00a0<\/h4>\n<h4 style=\"text-align: right\">September 2022<\/h4>\n<p><img loading=\"lazy\" decoding=\"async\" class=\"size-medium wp-image-5842 alignright\" src=\"https:\/\/veesbook.net\/wordpress\/wp-content\/uploads\/2025\/03\/23-Kalender-300x211.png\" alt=\"\" width=\"300\" height=\"211\" srcset=\"https:\/\/veesbook.net\/wordpress\/wp-content\/uploads\/2025\/03\/23-Kalender-300x211.png 300w, https:\/\/veesbook.net\/wordpress\/wp-content\/uploads\/2025\/03\/23-Kalender-633x445.png 633w, https:\/\/veesbook.net\/wordpress\/wp-content\/uploads\/2025\/03\/23-Kalender.png 898w\" sizes=\"auto, (max-width: 300px) 100vw, 300px\" \/><\/p>\n<p>\u00a0<\/p>\n<p>Der VEESbook-Kalender 2023 steht wieder unter dem Motto &#8222;Hans Boss in Westervesede und Deepen.<\/p>\n<p>\u00a0<\/p>\n<h4>\u00a0<\/h4>\n<h4>\u00a0<\/h4>\n<h4>November 2021<\/h4>\n<p><img loading=\"lazy\" decoding=\"async\" class=\"size-medium wp-image-5522 alignleft\" src=\"https:\/\/veesbook.net\/wordpress\/wp-content\/uploads\/2022\/04\/Deckblatt-300x228.png\" alt=\"\" width=\"300\" height=\"228\" srcset=\"https:\/\/veesbook.net\/wordpress\/wp-content\/uploads\/2022\/04\/Deckblatt-300x228.png 300w, https:\/\/veesbook.net\/wordpress\/wp-content\/uploads\/2022\/04\/Deckblatt.png 542w\" sizes=\"auto, (max-width: 300px) 100vw, 300px\" \/><\/p>\n<p>\u00a0<\/p>\n<p>F\u00fcr den VEESbook-Kalender 2022 wurden Eindr\u00fccke aus Westervesede aus der Vogelperspektive festgehalten.<\/p>\n<h4>\u00a0<\/h4>\n<h4>\u00a0<\/h4>\n<h4>\u00a0<\/h4>\n<h4 style=\"text-align: right\">Oktober 2020<\/h4>\n<p><img loading=\"lazy\" decoding=\"async\" class=\"wp-image-5206 size-medium\" src=\"https:\/\/veesbook.net\/wordpress\/wp-content\/uploads\/2020\/10\/Kalender2021-300x229.png\" alt=\"\" width=\"300\" height=\"229\" srcset=\"https:\/\/veesbook.net\/wordpress\/wp-content\/uploads\/2020\/10\/Kalender2021-300x229.png 300w, https:\/\/veesbook.net\/wordpress\/wp-content\/uploads\/2020\/10\/Kalender2021.png 486w\" sizes=\"auto, (max-width: 300px) 100vw, 300px\" \/><\/p>\n<p style=\"text-align: left\">F\u00fcr den VEESbook-Kalender 2021 wurden Hausspr\u00fcche in Westervesede und Deepen fotografiert.<\/p>\n<h4>\u00a0<\/h4>\n<h4>\u00a0<\/h4>\n<h4>\u00a0<\/h4>\n<h4>\u00a0<\/h4>\n<h4 style=\"text-align: left\">September 2019<\/h4>\n<p><img loading=\"lazy\" decoding=\"async\" class=\"wp-image-4692 size-medium\" src=\"https:\/\/veesbook.net\/wordpress\/wp-content\/uploads\/2019\/09\/2020-Deckblatt-300x213.png\" alt=\"\" width=\"300\" height=\"213\" srcset=\"https:\/\/veesbook.net\/wordpress\/wp-content\/uploads\/2019\/09\/2020-Deckblatt-300x213.png 300w, https:\/\/veesbook.net\/wordpress\/wp-content\/uploads\/2019\/09\/2020-Deckblatt-627x445.png 627w, https:\/\/veesbook.net\/wordpress\/wp-content\/uploads\/2019\/09\/2020-Deckblatt.png 767w\" sizes=\"auto, (max-width: 300px) 100vw, 300px\" \/><\/p>\n<p><span style=\"font-family: georgia, palatino, serif\">Der VEESbook-Kalender 2020 steht unter dem Motto &#8222;Hans Boss in Westervesede und Deepen&#8220;. Es konnten diverse Bilder zusammengetragen werden, die im Besitz von Westervesedern \/ Deepenern sind bzw. f\u00fcr diese gemalt wurden. <br \/><\/span><\/p>\n\n\n<h4 class=\"wp-block-heading has-text-align-right\">August 2018<\/h4>\n\n\n\n<div class=\"wp-block-media-text has-media-on-the-right is-stacked-on-mobile\"><div class=\"wp-block-media-text__content\">\n<p class=\"has-medium-font-size wp-block-paragraph\">Abschrift der Deepener Schulchronik (ab dem Jahr 1892).<\/p>\n\n\n\n<p class=\"wp-block-paragraph\">Diese kann immer noch zum<br>Preis von 35,00 Euro je St\u00fcck beim Verein Ralf Schr\u00f6der (veesbook@web.de)<br>erworben werden.<\/p>\n<\/div><figure class=\"wp-block-media-text__media\"><img loading=\"lazy\" decoding=\"async\" width=\"311\" height=\"445\" src=\"https:\/\/veesbook.net\/wordpress\/wp-content\/uploads\/2019\/04\/Chronik-1-1-311x445.jpg\" alt=\"\" class=\"wp-image-4405 size-full\" srcset=\"https:\/\/veesbook.net\/wordpress\/wp-content\/uploads\/2019\/04\/Chronik-1-1-311x445.jpg 311w, https:\/\/veesbook.net\/wordpress\/wp-content\/uploads\/2019\/04\/Chronik-1-1-209x300.jpg 209w\" sizes=\"auto, (max-width: 311px) 100vw, 311px\" \/><\/figure><\/div>\n\n\n\n<h4 class=\"wp-block-heading\">Herbst 2018:<\/h4>\n\n\n\n<div class=\"wp-block-media-text is-stacked-on-mobile\"><figure class=\"wp-block-media-text__media\"><img loading=\"lazy\" decoding=\"async\" width=\"580\" height=\"445\" src=\"https:\/\/veesbook.net\/wordpress\/wp-content\/uploads\/2018\/09\/Deckblatt_Kalender2019-580x445.png\" alt=\"\" class=\"wp-image-3944 size-full\" srcset=\"https:\/\/veesbook.net\/wordpress\/wp-content\/uploads\/2018\/09\/Deckblatt_Kalender2019-580x445.png 580w, https:\/\/veesbook.net\/wordpress\/wp-content\/uploads\/2018\/09\/Deckblatt_Kalender2019-300x230.png 300w, https:\/\/veesbook.net\/wordpress\/wp-content\/uploads\/2018\/09\/Deckblatt_Kalender2019.png 654w\" sizes=\"auto, (max-width: 580px) 100vw, 580px\" \/><\/figure><div class=\"wp-block-media-text__content\">\n<p class=\"has-medium-font-size wp-block-paragraph\">Monatskalender mit Aufnahmen von Veeser H\u00f6fen.:<\/p>\n\n\n\n<p class=\"wp-block-paragraph\">Es sind &#8222;H\u00f6fe im Wandel der Zeit&#8220; abgebildet.<\/p>\n\n\n\n<p class=\"wp-block-paragraph\">&nbsp;<\/p>\n<\/div><\/div>\n\n\n\n\n\n<h4 class=\"wp-block-heading has-text-align-right\">Herbst 2017:<\/h4>\n\n\n\n<div class=\"wp-block-media-text has-media-on-the-right is-stacked-on-mobile\"><div class=\"wp-block-media-text__content\">\n<p class=\"has-medium-font-size wp-block-paragraph\">Monatskalender mit Aufnahmen vom Arbeiten auf dem Land in fr\u00fcherer Zeit.<\/p>\n<\/div><figure class=\"wp-block-media-text__media\"><img loading=\"lazy\" decoding=\"async\" width=\"478\" height=\"365\" src=\"https:\/\/veesbook.net\/wordpress\/wp-content\/uploads\/2017\/11\/Kalender2018.png\" alt=\"\" class=\"wp-image-3398 size-full\" srcset=\"https:\/\/veesbook.net\/wordpress\/wp-content\/uploads\/2017\/11\/Kalender2018.png 478w, https:\/\/veesbook.net\/wordpress\/wp-content\/uploads\/2017\/11\/Kalender2018-300x229.png 300w\" sizes=\"auto, (max-width: 478px) 100vw, 478px\" \/><\/figure><\/div>\n\n\n\n<h4 class=\"wp-block-heading\">Herbst 2016:<\/h4>\n\n\n\n<div class=\"wp-block-media-text is-stacked-on-mobile\"><figure class=\"wp-block-media-text__media\"><img loading=\"lazy\" decoding=\"async\" width=\"612\" height=\"445\" src=\"https:\/\/veesbook.net\/wordpress\/wp-content\/uploads\/2016\/09\/Kalender-2017-612x445.jpg\" alt=\"Kalender 2017\" class=\"wp-image-2390 size-full\" srcset=\"https:\/\/veesbook.net\/wordpress\/wp-content\/uploads\/2016\/09\/Kalender-2017-612x445.jpg 612w, https:\/\/veesbook.net\/wordpress\/wp-content\/uploads\/2016\/09\/Kalender-2017-300x218.jpg 300w\" sizes=\"auto, (max-width: 612px) 100vw, 612px\" \/><\/figure><div class=\"wp-block-media-text__content\">\n<p class=\"has-medium-font-size wp-block-paragraph\">Monatskalender mit Aufnahmen von ausgew\u00e4hlten Hofstellen aus fr\u00fcherer Zeit in der Gegen\u00fcberstellung zu aktuellen Aufnahmen.<\/p>\n<\/div><\/div>\n\n\n\n<h4 class=\"wp-block-heading has-text-align-right\">Herbst 2015:<\/h4>\n\n\n\n<div class=\"wp-block-media-text has-media-on-the-right is-stacked-on-mobile\"><div class=\"wp-block-media-text__content\">\n<p class=\"has-medium-font-size wp-block-paragraph\">Kalender 2016 mit Abbildungen von Westerveseder Postkarten und alten Aufnahmen<\/p>\n<\/div><figure class=\"wp-block-media-text__media\"><img loading=\"lazy\" decoding=\"async\" width=\"629\" height=\"445\" src=\"https:\/\/veesbook.net\/wordpress\/wp-content\/uploads\/2016\/09\/Kalender-2016-Vorblatt-e1472978156729-629x445.jpg\" alt=\"Kalender 2016\" class=\"wp-image-2316 size-full\" srcset=\"https:\/\/veesbook.net\/wordpress\/wp-content\/uploads\/2016\/09\/Kalender-2016-Vorblatt-e1472978156729-629x445.jpg 629w, https:\/\/veesbook.net\/wordpress\/wp-content\/uploads\/2016\/09\/Kalender-2016-Vorblatt-e1472978156729-300x212.jpg 300w\" sizes=\"auto, (max-width: 629px) 100vw, 629px\" \/><\/figure><\/div>\n\n\n\n<h4 class=\"wp-block-heading\">September 2013:<\/h4>\n\n\n\n<div class=\"wp-block-media-text is-stacked-on-mobile\"><figure class=\"wp-block-media-text__media\"><img loading=\"lazy\" decoding=\"async\" width=\"315\" height=\"445\" src=\"https:\/\/veesbook.net\/wordpress\/wp-content\/uploads\/2016\/09\/Ein-Blick-zur\u00fcck-Titelseite-315x445.jpg\" alt=\"Ein Blick zur\u00fcck\" class=\"wp-image-2315 size-full\" srcset=\"https:\/\/veesbook.net\/wordpress\/wp-content\/uploads\/2016\/09\/Ein-Blick-zur\u00fcck-Titelseite-315x445.jpg 315w, https:\/\/veesbook.net\/wordpress\/wp-content\/uploads\/2016\/09\/Ein-Blick-zur\u00fcck-Titelseite-212x300.jpg 212w\" sizes=\"auto, (max-width: 315px) 100vw, 315px\" \/><\/figure><div class=\"wp-block-media-text__content\">\n<p class=\"has-medium-font-size wp-block-paragraph\">&#8222;Ein Blick zur\u00fcck&#8220; (Arnold Cordts)<br>R\u00fcckblick des letzten Lehrers und Schulleiters an der Volksschule Westervesede auf 300 Jahre Schulwesen und 27 Jahre eigene berufliche Wirkungsst\u00e4tte.<\/p>\n<\/div><\/div>\n","protected":false},"excerpt":{"rendered":"<p>Neben den Beitr\u00e4gen im digitalen &#8222;Geschichtenbuch&#8220; und Pr\u00e4sentationen f\u00fcr die Senioren und am M\u00fchlentag wurden bisher in gedruckter Form ver\u00f6ffentlicht: November 2024 Im VEESbook-Kalender 2025 befinden sich (Landschafts-) Impressionen aus dem Jahr 2021. \u00a0 \u00a0 \u00a0 September 2023 \u00a0 Im VEESbook-Kalender 2023 sind Bilder von verschiedenen Westerveseder Veranstaltungen gezeigt. \u00a0 \u00a0 \u00a0 September 2022 \u00a0 [&hellip;]<\/p>\n","protected":false},"author":3,"featured_media":0,"parent":6,"menu_order":0,"comment_status":"closed","ping_status":"closed","template":"","meta":{"_genesis_hide_title":false,"_genesis_hide_breadcrumbs":false,"_genesis_hide_singular_image":false,"_genesis_hide_footer_widgets":false,"_genesis_custom_body_class":"","_genesis_custom_post_class":"","_genesis_layout":"full-width-content","footnotes":""},"class_list":["post-2312","page","type-page","status-publish","entry"],"_links":{"self":[{"href":"https:\/\/veesbook.net\/wordpress\/wp-json\/wp\/v2\/pages\/2312","targetHints":{"allow":["GET"]}}],"collection":[{"href":"https:\/\/veesbook.net\/wordpress\/wp-json\/wp\/v2\/pages"}],"about":[{"href":"https:\/\/veesbook.net\/wordpress\/wp-json\/wp\/v2\/types\/page"}],"author":[{"embeddable":true,"href":"https:\/\/veesbook.net\/wordpress\/wp-json\/wp\/v2\/users\/3"}],"replies":[{"embeddable":true,"href":"https:\/\/veesbook.net\/wordpress\/wp-json\/wp\/v2\/comments?post=2312"}],"version-history":[{"count":40,"href":"https:\/\/veesbook.net\/wordpress\/wp-json\/wp\/v2\/pages\/2312\/revisions"}],"predecessor-version":[{"id":5845,"href":"https:\/\/veesbook.net\/wordpress\/wp-json\/wp\/v2\/pages\/2312\/revisions\/5845"}],"up":[{"embeddable":true,"href":"https:\/\/veesbook.net\/wordpress\/wp-json\/wp\/v2\/pages\/6"}],"wp:attachment":[{"href":"https:\/\/veesbook.net\/wordpress\/wp-json\/wp\/v2\/media?parent=2312"}],"curies":[{"name":"wp","href":"https:\/\/api.w.org\/{rel}","templated":true}]}}

<p>Neben den Beiträgen im digitalen &#8222;Geschichtenbuch&#8220; und Präsentationen für die Senioren und am Mühlentag wurden bisher in gedruckter Form veröffentlicht:</p>
<h4>November 2024</h4>
<h4><img loading="lazy" decoding="async" class="size-medium wp-image-5844 alignright" src="https://veesbook.net/wordpress/wp-content/uploads/2025/03/25-Kalender-300x223.png" alt="" width="300" height="223" srcset="https://veesbook.net/wordpress/wp-content/uploads/2025/03/25-Kalender-300x223.png 300w, https://veesbook.net/wordpress/wp-content/uploads/2025/03/25-Kalender-598x445.png 598w, https://veesbook.net/wordpress/wp-content/uploads/2025/03/25-Kalender.png 922w" sizes="auto, (max-width: 300px) 100vw, 300px" /> </h4>
<p>Im VEESbook-Kalender 2025 befinden sich (Landschafts-) Impressionen aus dem Jahr 2021.</p>
<h4> </h4>
<h4> </h4>
<h4> </h4>
<h4>September 2023</h4>
<p><img loading="lazy" decoding="async" class="size-medium wp-image-5843 alignleft" src="https://veesbook.net/wordpress/wp-content/uploads/2025/03/2024-Kalender-300x227.png" alt="" width="300" height="227" srcset="https://veesbook.net/wordpress/wp-content/uploads/2025/03/2024-Kalender-300x227.png 300w, https://veesbook.net/wordpress/wp-content/uploads/2025/03/2024-Kalender-589x445.png 589w, https://veesbook.net/wordpress/wp-content/uploads/2025/03/2024-Kalender.png 737w" sizes="auto, (max-width: 300px) 100vw, 300px" /></p>
<h4> </h4>
<p>Im VEESbook-Kalender 2023 sind Bilder von verschiedenen Westerveseder Veranstaltungen gezeigt.</p>
<h4> </h4>
<h4> </h4>
<h4> </h4>
<h4 style="text-align: right">September 2022</h4>
<p><img loading="lazy" decoding="async" class="size-medium wp-image-5842 alignright" src="https://veesbook.net/wordpress/wp-content/uploads/2025/03/23-Kalender-300x211.png" alt="" width="300" height="211" srcset="https://veesbook.net/wordpress/wp-content/uploads/2025/03/23-Kalender-300x211.png 300w, https://veesbook.net/wordpress/wp-content/uploads/2025/03/23-Kalender-633x445.png 633w, https://veesbook.net/wordpress/wp-content/uploads/2025/03/23-Kalender.png 898w" sizes="auto, (max-width: 300px) 100vw, 300px" /></p>
<p> </p>
<p>Der VEESbook-Kalender 2023 steht wieder unter dem Motto &#8222;Hans Boss in Westervesede und Deepen.</p>
<p> </p>
<h4> </h4>
<h4> </h4>
<h4>November 2021</h4>
<p><img loading="lazy" decoding="async" class="size-medium wp-image-5522 alignleft" src="https://veesbook.net/wordpress/wp-content/uploads/2022/04/Deckblatt-300x228.png" alt="" width="300" height="228" srcset="https://veesbook.net/wordpress/wp-content/uploads/2022/04/Deckblatt-300x228.png 300w, https://veesbook.net/wordpress/wp-content/uploads/2022/04/Deckblatt.png 542w" sizes="auto, (max-width: 300px) 100vw, 300px" /></p>
<p> </p>
<p>Für den VEESbook-Kalender 2022 wurden Eindrücke aus Westervesede aus der Vogelperspektive festgehalten.</p>
<h4> </h4>
<h4> </h4>
<h4> </h4>
<h4 style="text-align: right">Oktober 2020</h4>
<p><img loading="lazy" decoding="async" class="wp-image-5206 size-medium" src="https://veesbook.net/wordpress/wp-content/uploads/2020/10/Kalender2021-300x229.png" alt="" width="300" height="229" srcset="https://veesbook.net/wordpress/wp-content/uploads/2020/10/Kalender2021-300x229.png 300w, https://veesbook.net/wordpress/wp-content/uploads/2020/10/Kalender2021.png 486w" sizes="auto, (max-width: 300px) 100vw, 300px" /></p>
<p style="text-align: left">Für den VEESbook-Kalender 2021 wurden Haussprüche in Westervesede und Deepen fotografiert.</p>
<h4> </h4>
<h4> </h4>
<h4> </h4>
<h4> </h4>
<h4 style="text-align: left">September 2019</h4>
<p><img loading="lazy" decoding="async" class="wp-image-4692 size-medium" src="https://veesbook.net/wordpress/wp-content/uploads/2019/09/2020-Deckblatt-300x213.png" alt="" width="300" height="213" srcset="https://veesbook.net/wordpress/wp-content/uploads/2019/09/2020-Deckblatt-300x213.png 300w, https://veesbook.net/wordpress/wp-content/uploads/2019/09/2020-Deckblatt-627x445.png 627w, https://veesbook.net/wordpress/wp-content/uploads/2019/09/2020-Deckblatt.png 767w" sizes="auto, (max-width: 300px) 100vw, 300px" /></p>
<p><span style="font-family: georgia, palatino, serif">Der VEESbook-Kalender 2020 steht unter dem Motto &#8222;Hans Boss in Westervesede und Deepen&#8220;. Es konnten diverse Bilder zusammengetragen werden, die im Besitz von Westervesedern / Deepenern sind bzw. für diese gemalt wurden. <br /></span></p>


<h4 class="wp-block-heading has-text-align-right">August 2018</h4>



<div class="wp-block-media-text has-media-on-the-right is-stacked-on-mobile"><div class="wp-block-media-text__content">
<p class="has-medium-font-size wp-block-paragraph">Abschrift der Deepener Schulchronik (ab dem Jahr 1892).</p>



<p class="wp-block-paragraph">Diese kann immer noch zum<br>Preis von 35,00 Euro je Stück beim Verein Ralf Schröder (veesbook@web.de)<br>erworben werden.</p>
</div><figure class="wp-block-media-text__media"><img loading="lazy" decoding="async" width="311" height="445" src="https://veesbook.net/wordpress/wp-content/uploads/2019/04/Chronik-1-1-311x445.jpg" alt="" class="wp-image-4405 size-full" srcset="https://veesbook.net/wordpress/wp-content/uploads/2019/04/Chronik-1-1-311x445.jpg 311w, https://veesbook.net/wordpress/wp-content/uploads/2019/04/Chronik-1-1-209x300.jpg 209w" sizes="auto, (max-width: 311px) 100vw, 311px" /></figure></div>



<h4 class="wp-block-heading">Herbst 2018:</h4>



<div class="wp-block-media-text is-stacked-on-mobile"><figure class="wp-block-media-text__media"><img loading="lazy" decoding="async" width="580" height="445" src="https://veesbook.net/wordpress/wp-content/uploads/2018/09/Deckblatt_Kalender2019-580x445.png" alt="" class="wp-image-3944 size-full" srcset="https://veesbook.net/wordpress/wp-content/uploads/2018/09/Deckblatt_Kalender2019-580x445.png 580w, https://veesbook.net/wordpress/wp-content/uploads/2018/09/Deckblatt_Kalender2019-300x230.png 300w, https://veesbook.net/wordpress/wp-content/uploads/2018/09/Deckblatt_Kalender2019.png 654w" sizes="auto, (max-width: 580px) 100vw, 580px" /></figure><div class="wp-block-media-text__content">
<p class="has-medium-font-size wp-block-paragraph">Monatskalender mit Aufnahmen von Veeser Höfen.:</p>



<p class="wp-block-paragraph">Es sind &#8222;Höfe im Wandel der Zeit&#8220; abgebildet.</p>



<p class="wp-block-paragraph">&nbsp;</p>
</div></div>





<h4 class="wp-block-heading has-text-align-right">Herbst 2017:</h4>



<div class="wp-block-media-text has-media-on-the-right is-stacked-on-mobile"><div class="wp-block-media-text__content">
<p class="has-medium-font-size wp-block-paragraph">Monatskalender mit Aufnahmen vom Arbeiten auf dem Land in früherer Zeit.</p>
</div><figure class="wp-block-media-text__media"><img loading="lazy" decoding="async" width="478" height="365" src="https://veesbook.net/wordpress/wp-content/uploads/2017/11/Kalender2018.png" alt="" class="wp-image-3398 size-full" srcset="https://veesbook.net/wordpress/wp-content/uploads/2017/11/Kalender2018.png 478w, https://veesbook.net/wordpress/wp-content/uploads/2017/11/Kalender2018-300x229.png 300w" sizes="auto, (max-width: 478px) 100vw, 478px" /></figure></div>



<h4 class="wp-block-heading">Herbst 2016:</h4>



<div class="wp-block-media-text is-stacked-on-mobile"><figure class="wp-block-media-text__media"><img loading="lazy" decoding="async" width="612" height="445" src="https://veesbook.net/wordpress/wp-content/uploads/2016/09/Kalender-2017-612x445.jpg" alt="Kalender 2017" class="wp-image-2390 size-full" srcset="https://veesbook.net/wordpress/wp-content/uploads/2016/09/Kalender-2017-612x445.jpg 612w, https://veesbook.net/wordpress/wp-content/uploads/2016/09/Kalender-2017-300x218.jpg 300w" sizes="auto, (max-width: 612px) 100vw, 612px" /></figure><div class="wp-block-media-text__content">
<p class="has-medium-font-size wp-block-paragraph">Monatskalender mit Aufnahmen von ausgewählten Hofstellen aus früherer Zeit in der Gegenüberstellung zu aktuellen Aufnahmen.</p>
</div></div>



<h4 class="wp-block-heading has-text-align-right">Herbst 2015:</h4>



<div class="wp-block-media-text has-media-on-the-right is-stacked-on-mobile"><div class="wp-block-media-text__content">
<p class="has-medium-font-size wp-block-paragraph">Kalender 2016 mit Abbildungen von Westerveseder Postkarten und alten Aufnahmen</p>
</div><figure class="wp-block-media-text__media"><img loading="lazy" decoding="async" width="629" height="445" src="https://veesbook.net/wordpress/wp-content/uploads/2016/09/Kalender-2016-Vorblatt-e1472978156729-629x445.jpg" alt="Kalender 2016" class="wp-image-2316 size-full" srcset="https://veesbook.net/wordpress/wp-content/uploads/2016/09/Kalender-2016-Vorblatt-e1472978156729-629x445.jpg 629w, https://veesbook.net/wordpress/wp-content/uploads/2016/09/Kalender-2016-Vorblatt-e1472978156729-300x212.jpg 300w" sizes="auto, (max-width: 629px) 100vw, 629px" /></figure></div>



<h4 class="wp-block-heading">September 2013:</h4>



<div class="wp-block-media-text is-stacked-on-mobile"><figure class="wp-block-media-text__media"><img loading="lazy" decoding="async" width="315" height="445" src="https://veesbook.net/wordpress/wp-content/uploads/2016/09/Ein-Blick-zurück-Titelseite-315x445.jpg" alt="Ein Blick zurück" class="wp-image-2315 size-full" srcset="https://veesbook.net/wordpress/wp-content/uploads/2016/09/Ein-Blick-zurück-Titelseite-315x445.jpg 315w, https://veesbook.net/wordpress/wp-content/uploads/2016/09/Ein-Blick-zurück-Titelseite-212x300.jpg 212w" sizes="auto, (max-width: 315px) 100vw, 315px" /></figure><div class="wp-block-media-text__content">
<p class="has-medium-font-size wp-block-paragraph">&#8222;Ein Blick zurück&#8220; (Arnold Cordts)<br>Rückblick des letzten Lehrers und Schulleiters an der Volksschule Westervesede auf 300 Jahre Schulwesen und 27 Jahre eigene berufliche Wirkungsstätte.</p>
</div></div>

<p>Neben den Beiträgen im digitalen &#8222;Geschichtenbuch&#8220; und Präsentationen für die Senioren und am Mühlentag wurden bisher in gedruckter Form veröffentlicht: November 2024 Im VEESbook-Kalender 2025 befinden sich (Landschafts-) Impressionen aus dem Jahr 2021.       September 2023   Im VEESbook-Kalender 2023 sind Bilder von verschiedenen Westerveseder Veranstaltungen gezeigt.       September 2022   [&hellip;]</p>
