{"id":2576,"date":"2016-12-02T12:49:49","date_gmt":"2016-12-02T12:49:49","guid":{"rendered":"https:\/\/veesbook.net\/wordpress\/?page_id=2576"},"modified":"2026-01-08T13:25:26","modified_gmt":"2026-01-08T12:25:26","slug":"krippenspiele","status":"publish","type":"page","link":"https:\/\/veesbook.net\/wordpress\/historisches\/kirche-und-religion\/krippenspiele\/","title":{"rendered":"Krippenspiele"},"content":{"rendered":"<p><img loading=\"lazy\" decoding=\"async\" class=\"alignright size-medium wp-image-2633\" src=\"https:\/\/veesbook.net\/wordpress\/wp-content\/uploads\/2016\/12\/krippenspiel-logo-3-clipartfest.com_-300x226.jpg\" alt=\"\" width=\"300\" height=\"226\" srcset=\"https:\/\/veesbook.net\/wordpress\/wp-content\/uploads\/2016\/12\/krippenspiel-logo-3-clipartfest.com_-300x226.jpg 300w, https:\/\/veesbook.net\/wordpress\/wp-content\/uploads\/2016\/12\/krippenspiel-logo-3-clipartfest.com_-590x445.jpg 590w, https:\/\/veesbook.net\/wordpress\/wp-content\/uploads\/2016\/12\/krippenspiel-logo-3-clipartfest.com_.jpg 664w\" sizes=\"auto, (max-width: 300px) 100vw, 300px\" \/>Am Heiligabend findet in der Westerveseder Friedhofskapelle regelm\u00e4\u00dfig eine gutbesuchte Christvesper statt.<\/p>\n<p>Im Jahr 2006, nach der Andacht zum Ewigkeitssonntag, meinte G\u00fcnter Frick (damals Kirchenvorsteher) zu seiner Frau Linda und Margaretha Leverenz: \u201cEigentlich k\u00f6nnten wir doch zur Christvesper mal ein Krippenspiel auff\u00fchren?- K\u00f6nnt ihr das nicht mal in die H\u00e4nde nehmen?\u201c<\/p>\n<p>Das war der Anfang einer Serie von Krippenspielen, die seit 2006 in der Friedhofskapelle in Westervesede und ab 2008 auch im DGH Ostervesede aufgef\u00fchrt wurden; und im Rahmen des St\u00fccks wurde jeweils ein inhaltsbezogenes Lied einge\u00fcbt und von den Kindern vorgetragen.<\/p>\n<p>Eine Zusammenstellung der bisher aufgef\u00fchrten Krippenspiele finden sie <a href=\"https:\/\/veesbook.net\/wordpress\/chronik-krippenspiele-westervesede\/\">hier<\/a>:<\/p>\n<p><a href=\"https:\/\/veesbook.net\/wordpress\/chronik-krippenspiele-westervesede\/\"><img loading=\"lazy\" decoding=\"async\" class=\"wp-image-2633 aligncenter\" src=\"https:\/\/veesbook.net\/wordpress\/wp-content\/uploads\/2016\/12\/krippenspiel-logo-3-clipartfest.com_-150x150.jpg\" width=\"62\" height=\"62\" \/><\/a><\/p>\n","protected":false},"excerpt":{"rendered":"<p>Am Heiligabend findet in der Westerveseder Friedhofskapelle regelm\u00e4\u00dfig eine gutbesuchte Christvesper statt. Im Jahr 2006, nach der Andacht zum Ewigkeitssonntag, meinte G\u00fcnter Frick (damals Kirchenvorsteher) zu seiner Frau Linda und Margaretha Leverenz: \u201cEigentlich k\u00f6nnten wir doch zur Christvesper mal ein Krippenspiel auff\u00fchren?- K\u00f6nnt ihr das nicht mal in die H\u00e4nde nehmen?\u201c Das war der Anfang [&hellip;]<\/p>\n","protected":false},"author":3,"featured_media":2633,"parent":1773,"menu_order":0,"comment_status":"closed","ping_status":"closed","template":"","meta":{"_genesis_hide_title":false,"_genesis_hide_breadcrumbs":false,"_genesis_hide_singular_image":false,"_genesis_hide_footer_widgets":false,"_genesis_custom_body_class":"","_genesis_custom_post_class":"","_genesis_layout":"full-width-content","footnotes":""},"class_list":{"0":"post-2576","1":"page","2":"type-page","3":"status-publish","4":"has-post-thumbnail","6":"entry"},"_links":{"self":[{"href":"https:\/\/veesbook.net\/wordpress\/wp-json\/wp\/v2\/pages\/2576","targetHints":{"allow":["GET"]}}],"collection":[{"href":"https:\/\/veesbook.net\/wordpress\/wp-json\/wp\/v2\/pages"}],"about":[{"href":"https:\/\/veesbook.net\/wordpress\/wp-json\/wp\/v2\/types\/page"}],"author":[{"embeddable":true,"href":"https:\/\/veesbook.net\/wordpress\/wp-json\/wp\/v2\/users\/3"}],"replies":[{"embeddable":true,"href":"https:\/\/veesbook.net\/wordpress\/wp-json\/wp\/v2\/comments?post=2576"}],"version-history":[{"count":12,"href":"https:\/\/veesbook.net\/wordpress\/wp-json\/wp\/v2\/pages\/2576\/revisions"}],"predecessor-version":[{"id":6200,"href":"https:\/\/veesbook.net\/wordpress\/wp-json\/wp\/v2\/pages\/2576\/revisions\/6200"}],"up":[{"embeddable":true,"href":"https:\/\/veesbook.net\/wordpress\/wp-json\/wp\/v2\/pages\/1773"}],"wp:featuredmedia":[{"embeddable":true,"href":"https:\/\/veesbook.net\/wordpress\/wp-json\/wp\/v2\/media\/2633"}],"wp:attachment":[{"href":"https:\/\/veesbook.net\/wordpress\/wp-json\/wp\/v2\/media?parent=2576"}],"curies":[{"name":"wp","href":"https:\/\/api.w.org\/{rel}","templated":true}]}}