{"id":336,"date":"2016-02-06T09:26:16","date_gmt":"2016-02-06T09:26:16","guid":{"rendered":"https:\/\/veesbook.net\/wordpress\/?page_id=336"},"modified":"2026-01-21T13:14:48","modified_gmt":"2026-01-21T12:14:48","slug":"oeffent-einrichtungen","status":"publish","type":"page","link":"https:\/\/veesbook.net\/wordpress\/wir-in-vees\/oeffent-einrichtungen\/","title":{"rendered":"\u00d6ffentliche Einrichtungen"},"content":{"rendered":"<table style=\"width: 93.6831%;\" width=\"697\">\n<tbody>\n<tr>\n<td style=\"width: 34.1007%;\" width=\"242\">\u00f6ffentl. Einrichtung<\/td>\n<td style=\"width: 28.2014%;\" width=\"202\">Ansprechpartner<\/td>\n<td style=\"width: 36.259%;\" width=\"253\"><\/td>\n<\/tr>\n<tr>\n<td style=\"width: 34.1007%;\" width=\"242\">Dorfgemeinschaftshaus<br \/>\nWestervesede<\/td>\n<td style=\"width: 28.2014%;\" width=\"202\">Reservierung: Erno Koch<br \/>\nTel. 0152\/28367599<br \/>\nReinigung: Anke Bellmann<br \/>\nTel. 5106<br \/>\nTelefon DGH\/Kindergarten: 8957<\/td>\n<td style=\"width: 36.259%;\"><\/td>\n<\/tr>\n<tr>\n<td style=\"width: 34.1007%;\" width=\"242\"><a href=\"https:\/\/veesbook.net\/wordpress\/freiwillige-feuerwehr-westervesede\/\" target=\"_blank\" rel=\"noopener\">Freiwillige Feuerwehr Westervesede<\/a><\/td>\n<td style=\"width: 28.2014%;\" width=\"202\">Steffen Peters<br \/>\nTavenhorn 24<br \/>\nTel. 984816<\/td>\n<td style=\"width: 36.259%;\"><a href=\"steffen.peters@ewe.net\">steffen.peters@ewe.net<\/a><\/td>\n<\/tr>\n<tr>\n<td style=\"width: 34.1007%;\" width=\"242\">Friedhof und Kapelle<br \/>\nWestervesede<\/td>\n<td style=\"width: 28.2014%;\" width=\"202\">Ralf J\u00fcrges<br \/>\nHeisterweg 7<br \/>\nTel. 015208889613<\/td>\n<td style=\"width: 36.259%;\"><a href=\"mailto:ralf.juerges@ewetel.net\">ralf.juerges@ewetel.net<\/a><\/td>\n<\/tr>\n<tr>\n<td style=\"width: 34.1007%;\" width=\"242\">Kindergarten Westervesede<br \/>\nGemeinde Schee\u00dfel<\/td>\n<td style=\"width: 28.2014%;\" width=\"202\">Leiterin: Katja Leverenz<br \/>\nSchee\u00dfeler Stra\u00dfe 8<br \/>\nTel. 8957<\/td>\n<td style=\"width: 36.259%;\"><a href=\"mailto:kiga.westervesede@ewetel.net\">kiga.westervesede@ewetel.net<\/a><\/td>\n<\/tr>\n<\/tbody>\n<\/table>\n","protected":false},"excerpt":{"rendered":"<p>\u00f6ffentl. Einrichtung Ansprechpartner Dorfgemeinschaftshaus Westervesede Reservierung: Erno Koch Tel. 0152\/28367599 Reinigung: Anke Bellmann Tel. 5106 Telefon DGH\/Kindergarten: 8957 Freiwillige Feuerwehr Westervesede Steffen Peters Tavenhorn 24 Tel. 984816 steffen.peters@ewe.net Friedhof und Kapelle Westervesede Ralf J\u00fcrges Heisterweg 7 Tel. 015208889613 ralf.juerges@ewetel.net Kindergarten Westervesede Gemeinde Schee\u00dfel Leiterin: Katja Leverenz Schee\u00dfeler Stra\u00dfe 8 Tel. 8957 kiga.westervesede@ewetel.net<\/p>\n","protected":false},"author":3,"featured_media":0,"parent":316,"menu_order":0,"comment_status":"closed","ping_status":"closed","template":"","meta":{"_genesis_hide_title":false,"_genesis_hide_breadcrumbs":false,"_genesis_hide_singular_image":false,"_genesis_hide_footer_widgets":false,"_genesis_custom_body_class":"","_genesis_custom_post_class":"","_genesis_layout":"full-width-content","footnotes":""},"class_list":{"0":"post-336","1":"page","2":"type-page","3":"status-publish","5":"entry"},"_links":{"self":[{"href":"https:\/\/veesbook.net\/wordpress\/wp-json\/wp\/v2\/pages\/336","targetHints":{"allow":["GET"]}}],"collection":[{"href":"https:\/\/veesbook.net\/wordpress\/wp-json\/wp\/v2\/pages"}],"about":[{"href":"https:\/\/veesbook.net\/wordpress\/wp-json\/wp\/v2\/types\/page"}],"author":[{"embeddable":true,"href":"https:\/\/veesbook.net\/wordpress\/wp-json\/wp\/v2\/users\/3"}],"replies":[{"embeddable":true,"href":"https:\/\/veesbook.net\/wordpress\/wp-json\/wp\/v2\/comments?post=336"}],"version-history":[{"count":15,"href":"https:\/\/veesbook.net\/wordpress\/wp-json\/wp\/v2\/pages\/336\/revisions"}],"predecessor-version":[{"id":6226,"href":"https:\/\/veesbook.net\/wordpress\/wp-json\/wp\/v2\/pages\/336\/revisions\/6226"}],"up":[{"embeddable":true,"href":"https:\/\/veesbook.net\/wordpress\/wp-json\/wp\/v2\/pages\/316"}],"wp:attachment":[{"href":"https:\/\/veesbook.net\/wordpress\/wp-json\/wp\/v2\/media?parent=336"}],"curies":[{"name":"wp","href":"https:\/\/api.w.org\/{rel}","templated":true}]}}