{"id":4496,"date":"2019-05-28T18:39:35","date_gmt":"2019-05-28T16:39:35","guid":{"rendered":"https:\/\/veesbook.net\/wordpress\/?page_id=4496"},"modified":"2019-08-03T14:17:14","modified_gmt":"2019-08-03T12:17:14","slug":"genealogie-begriffsbeschreibung","status":"publish","type":"page","link":"https:\/\/veesbook.net\/wordpress\/genealogie-begriffsbeschreibung\/","title":{"rendered":"Genealogie &#8211; Begriffsbeschreibung"},"content":{"rendered":"\r\n<p><span style=\"font-family: Maiandra GD, sans-serif;\"><span style=\"font-size: large;\"><b>Erl\u00e4uterungen zu Begriffen\/Bezeichnungen<\/b><\/span>,<br \/>die im Feld &#8222;Notizen&#8220; des Ortfamilienbuches verwendet werden.<\/span><\/p>\r\n<p><span style=\"font-family: Maiandra GD, sans-serif;\">Sie dokumentieren auch die Entwicklung in der Besiedlung des l\u00e4ndlichen Raumes.<\/span><\/p>\r\n<p><span style=\"font-family: Maiandra GD, sans-serif; font-size: 14pt;\"><i><b>1. Stufe der <\/b><\/i><i><b>Besiedelung \/ Landnahme <\/b><\/i>(ca. 300 \u2013 1000 n.Chr.)<\/span><\/p>\r\n<p><span style=\"font-family: Maiandra GD, sans-serif;\">Das Meierrecht verlieh einem Bauern ein befristetes bzw. erbliches Nutzungsrecht an Grund und Boden. Der Bauer wird auch als <b>Baumann<\/b> bzw. <b>H\u00f6fner<\/b> bezeichnet.<\/span><\/p>\r\n<p><span style=\"font-family: Maiandra GD, sans-serif;\">Das Anerbenrecht besagte, dass der elterliche Hof nur an einen Sohn bzw. eine Tochter vererbt werden konnte; es kam also zu keiner Hofteilung. &#8211; War der Erbe noch nicht \u201egesch\u00e4ftsf\u00e4hig\u201c, wurde die die Hofstelle zwischenzeitlich von einem \u201eInterimswirt\u201c verwaltet.<\/span><\/p>\r\n<p><span style=\"font-family: Maiandra GD, sans-serif;\"><b>H\u00e4usling<br \/><\/b><\/span><span style=\"font-family: Maiandra GD, sans-serif;\">Die nicht erbberechtigten Kinder geh\u00f6rten in der Regel zum Gesinde (auf der elterlichen oder einer anderen Hofstelle), die z.B. in Nebengeb\u00e4uden der Hofstelle wohnten und gegen Kost und Logie zu Arbeitsleistungen verpflichtet bzw. verdingt waren. <\/span><\/p>\r\n<p><span style=\"font-family: Maiandra GD, sans-serif; font-size: 14pt;\"><i><b>2. Stufe der <\/b><\/i><i><b>Besiedlung <\/b><\/i>(ca. 800 \u2013 1500 n. Chr.)<\/span><\/p>\r\n<p><span style=\"font-family: Maiandra GD, sans-serif;\"><b>K\u00f6tner<\/b> <br \/>hatten ein Haus (Kate) und neben dem Gartenland keine eigenen landwirtschaftlichen Nutzfl\u00e4chen. F\u00fcr den Lebensunterhalt mussten sie daher auch anderen T\u00e4tigkeiten nachgehen: Handwerker, H\u00e4ndler, Landarbeiter (Hollandg\u00e4nger), Brieftr\u00e4ger, &#8230;<\/span><\/p>\r\n<p><span style=\"font-family: Maiandra GD, sans-serif; font-size: 14pt;\"><i><b>3. Stufe der Besiedlung<\/b><\/i> (nach dem 30j\u00e4hrigen Krieg)<\/span><\/p>\r\n<p><span style=\"font-family: Maiandra GD, sans-serif;\"><b>Brinkk\u00f6tner<br \/><\/b><\/span><span style=\"font-family: Maiandra GD, sans-serif;\">hatten ein kleines Haus &#8211; meist auf dem Anger &#8211; ohne weiteren Grundbesitz<\/span><\/p>\r\n<p><span style=\"font-family: Maiandra GD, sans-serif;\"><b>Pflugk\u00f6tner<\/b><br \/>hatten im Gegensatz zum einfachen K\u00f6tner auch ein St\u00fcck Ackerland aus der Allmende bzw. dem Anger. Sie durften (konnten) auch Vieh halten und ein Pferd zur Bestellung des Ackers.<\/span><\/p>\r\n<p><em><strong><span style=\"font-family: Maiandra GD, sans-serif;\"><span style=\"font-size: 14pt;\">Nach ca. 1750 \u2013 Recess &#8211; Gemeinheitsteilung<\/span> <br \/><\/span><\/strong><\/em><\/p>\r\n<p><span style=\"font-family: Maiandra GD, sans-serif;\"><b>Anbauer \/ Neubauer<br \/><\/b><\/span><span style=\"font-family: Maiandra GD, sans-serif;\">Kleinbauer mit einer zugewiesenen Fl\u00e4che aus dem Recess<\/span><\/p>\r\n<p><span style=\"font-family: Maiandra GD, sans-serif;\"><b>Abbauer<br \/><\/b><\/span><span style=\"font-family: Maiandra GD, sans-serif;\">Hofstelle aus der Teilung eines Hofes bzw. dem Verkauf einer Teilfl\u00e4che<\/span><\/p>\r\n<p><span style=\"font-family: Maiandra GD, sans-serif;\">(awl)<\/span><\/p>\r\n<p>&nbsp;<\/p>\r\n<p>&nbsp;<\/p>\r\n","protected":false},"excerpt":{"rendered":"<p>Erl\u00e4uterungen zu Begriffen\/Bezeichnungen,die im Feld &#8222;Notizen&#8220; des Ortfamilienbuches verwendet werden. Sie dokumentieren auch die Entwicklung in der Besiedlung des l\u00e4ndlichen Raumes. 1. Stufe der Besiedelung \/ Landnahme (ca. 300 \u2013 1000 n.Chr.) Das Meierrecht verlieh einem Bauern ein befristetes bzw. erbliches Nutzungsrecht an Grund und Boden. Der Bauer wird auch als Baumann bzw. H\u00f6fner bezeichnet. [&hellip;]<\/p>\n","protected":false},"author":3,"featured_media":0,"parent":0,"menu_order":0,"comment_status":"closed","ping_status":"closed","template":"","meta":{"_genesis_hide_title":false,"_genesis_hide_breadcrumbs":false,"_genesis_hide_singular_image":false,"_genesis_hide_footer_widgets":false,"_genesis_custom_body_class":"","_genesis_custom_post_class":"","_genesis_layout":"","footnotes":""},"class_list":{"0":"post-4496","1":"page","2":"type-page","3":"status-publish","5":"entry"},"_links":{"self":[{"href":"https:\/\/veesbook.net\/wordpress\/wp-json\/wp\/v2\/pages\/4496","targetHints":{"allow":["GET"]}}],"collection":[{"href":"https:\/\/veesbook.net\/wordpress\/wp-json\/wp\/v2\/pages"}],"about":[{"href":"https:\/\/veesbook.net\/wordpress\/wp-json\/wp\/v2\/types\/page"}],"author":[{"embeddable":true,"href":"https:\/\/veesbook.net\/wordpress\/wp-json\/wp\/v2\/users\/3"}],"replies":[{"embeddable":true,"href":"https:\/\/veesbook.net\/wordpress\/wp-json\/wp\/v2\/comments?post=4496"}],"version-history":[{"count":7,"href":"https:\/\/veesbook.net\/wordpress\/wp-json\/wp\/v2\/pages\/4496\/revisions"}],"predecessor-version":[{"id":4608,"href":"https:\/\/veesbook.net\/wordpress\/wp-json\/wp\/v2\/pages\/4496\/revisions\/4608"}],"wp:attachment":[{"href":"https:\/\/veesbook.net\/wordpress\/wp-json\/wp\/v2\/media?parent=4496"}],"curies":[{"name":"wp","href":"https:\/\/api.w.org\/{rel}","templated":true}]}}