{"id":4623,"date":"2019-08-15T16:04:21","date_gmt":"2019-08-15T14:04:21","guid":{"rendered":"https:\/\/veesbook.net\/wordpress\/?page_id=4623"},"modified":"2026-01-19T19:57:17","modified_gmt":"2026-01-19T18:57:17","slug":"vorstand-schuetzenverein","status":"publish","type":"page","link":"https:\/\/veesbook.net\/wordpress\/vorstand-schuetzenverein\/","title":{"rendered":"Vorstand Sch\u00fctzenverein"},"content":{"rendered":"<p><strong>Vorstand<\/strong><strong> Sch\u00fctzenverein Westervesede<\/strong><\/p>\n<p>Stand: 1. August 2025<\/p>\n<table>\n<tbody>\n<tr>\n<td width=\"321\">1. Vorsitzender<\/td>\n<td width=\"321\">Matthias Grobr\u00fcgge<\/td>\n<\/tr>\n<tr>\n<td width=\"321\">2. Vorsitzender<\/td>\n<td width=\"321\">Volker Kr\u00f6ger<\/td>\n<\/tr>\n<tr>\n<td width=\"321\">3. Vorsitzender<\/td>\n<td width=\"321\">Arvid Bassen<\/td>\n<\/tr>\n<tr>\n<td width=\"321\">Beisitzer<\/td>\n<td width=\"321\">&#8211; nicht besetzt &#8211;<\/td>\n<\/tr>\n<tr>\n<td width=\"321\">Schriftf\u00fchrerin<\/td>\n<td width=\"321\">Sandra Bassen<\/td>\n<\/tr>\n<tr>\n<td width=\"321\">Schatzmeister<\/td>\n<td width=\"321\">Klaus Walcher<\/td>\n<\/tr>\n<tr>\n<td width=\"321\">Schie\u00dfsportleiterin<\/td>\n<td width=\"321\">Michaela Menke<\/td>\n<\/tr>\n<tr>\n<td width=\"321\">Damenleiterin<\/td>\n<td width=\"321\">Nicole Menke<\/td>\n<\/tr>\n<tr>\n<td width=\"321\">Jugendleiterin<\/td>\n<td width=\"321\">&#8211; nicht besetzt &#8211;<\/td>\n<\/tr>\n<tr>\n<td width=\"321\">Pressewart<\/td>\n<td width=\"321\">&#8211; nicht besetzt &#8211;<\/td>\n<\/tr>\n<tr>\n<td width=\"321\">Kommandeur<\/td>\n<td width=\"321\">Florian Wahlers<\/td>\n<\/tr>\n<tr>\n<td width=\"321\">stellv. Schriftf\u00fchrerin<\/td>\n<td width=\"321\">Ria Broocks, Deepen<\/td>\n<\/tr>\n<tr>\n<td width=\"321\">stellv. Schatzmeisterin<\/td>\n<td width=\"321\">Anika Nicolai<\/td>\n<\/tr>\n<tr>\n<td width=\"321\">stellv. Schie\u00dfsportleiter<\/td>\n<td width=\"321\">Jana Schr\u00f6der<\/td>\n<\/tr>\n<tr>\n<td width=\"321\">stellv. Damenleiterin<\/td>\n<td width=\"321\">Daniela Wehrmann<\/td>\n<\/tr>\n<tr>\n<td width=\"321\">stellv. Jugendleiterin<\/td>\n<td width=\"321\">Michaela Menke<\/td>\n<\/tr>\n<tr>\n<td width=\"321\">stellv. Kommandeur<\/td>\n<td width=\"321\">Henning Indorf<\/td>\n<\/tr>\n<\/tbody>\n<\/table>\n<p>&nbsp;<\/p>\n<p><strong><div class=\"one-half first\"><\/strong><\/p>\n<p><strong>1. Vorsitzender<\/strong><\/p>\n<ul>\n<li>1924 Carl Tobeck &#8211; Pr\u00e4sident &#8211;<\/li>\n<li>1937 Hermann Lackmann &#8211; Vereinsf\u00fchrer &#8211;<\/li>\n<li>1957 Wilhelm Feldmann<\/li>\n<li>1969 Friedrich Dittmer (64)<\/li>\n<li>1988 J\u00fcrgen Huch<\/li>\n<li>2008 Gerhard Heitmann<\/li>\n<li>2012 Udo Peters<\/li>\n<li>2023 Tim Szemjonneck<\/li>\n<li>01.08.2025 &#8211; nicht besetzt &#8211;<\/li>\n<li>2026 Matthias Grobr\u00fcgge<\/li>\n<\/ul>\n<p>&nbsp;<\/p>\n<p><strong>2. Vorsitzende\/r<\/strong><\/p>\n<ul>\n<li>1924 Friedrich Meyer (7) &#8211; Vizepr\u00e4sident &#8211;<\/li>\n<li>1934 Friedrich Dittmer (64)<\/li>\n<li>1938 Fritz Schr\u00f6der<\/li>\n<li>1957 Arnold Cordts<\/li>\n<li>1970 Karl-Heinz G\u00f6tze<\/li>\n<li>1988 Hans J\u00fcrgen Schr\u00f6der, Deepen<\/li>\n<li>2001 Christa Radde<\/li>\n<li>2005 Heinz Bassen<\/li>\n<li>2009 Udo Peters<\/li>\n<li>2012 Volker Kr\u00f6ger<\/li>\n<\/ul>\n<p>&nbsp;<\/p>\n<p><strong>3. Vorsitzender<\/strong><\/p>\n<ul>\n<li>2008 Volker Kr\u00f6ger<\/li>\n<li>2012 Elke Peters<\/li>\n<li>2018 Bj\u00f6rn-Hendrik Seel<\/li>\n<li>2022 Tim Szemjonneck<\/li>\n<li>2023 &#8211; nicht besetzt &#8211;<\/li>\n<li>2024 Matthias Grobr\u00fcgge<\/li>\n<li>2026 Arvid Bassen<\/li>\n<\/ul>\n<p>&nbsp;<\/p>\n<p><strong>Beisitzer<\/strong><\/p>\n<ul>\n<li>2008 Elke Peters<\/li>\n<li>2012 &#8211; nicht besetzt &#8211;<\/li>\n<li>2013 Klaus Walcher<\/li>\n<li>2016 Bj\u00f6rn-Hendrik Seel<\/li>\n<li>2018 Nicole Menke<\/li>\n<li>2022 Bj\u00f6rn-Hendrik Seel<\/li>\n<li>2026 &#8211; nicht besetzt &#8211;<\/li>\n<\/ul>\n<p>&nbsp;<\/p>\n<p><strong>Schriftf\u00fchrer\/in<\/strong><\/p>\n<ul>\n<li>1924 Johann Wahlers (17)<\/li>\n<li>1938 Johann Behrens<\/li>\n<li>1957 Heinrich Volkmer<\/li>\n<li>1980 K\u00e4the Dittmer<\/li>\n<li>1983 Helga Kr\u00f6ger<\/li>\n<li>1989 Wiltrud Weseloh<\/li>\n<li>2005 Sandra Bassen<\/li>\n<\/ul>\n<p>&nbsp;<\/p>\n<p><strong>stellv. Schriftf\u00fchrer\/in<\/strong><\/p>\n<ul>\n<li>1957 Johann Heitmann (14)<\/li>\n<li>1976 Hans J\u00fcrgen Schr\u00f6der, Deepen<\/li>\n<li>1983 K\u00e4the Dittmer<\/li>\n<li>1986 Wiltrud Weseloh<\/li>\n<li>1989 Helga Kr\u00f6ger<\/li>\n<li>1993 Gabi Volkmer<\/li>\n<li>1999 Hannelore Kr\u00f6ger, Deepen<\/li>\n<li>2005 Linda Frick<\/li>\n<li>2025 Ria Broocks, Deepen<\/li>\n<\/ul>\n<p>&nbsp;<\/p>\n<p><strong>Schatzmeister\/in<\/strong><\/p>\n<ul>\n<li>1924 Emme &#8211; Kassierer &#8211;<\/li>\n<li>1936 Friedrich Weseloh (1) &#8211; Kassierer &#8211;<\/li>\n<li>1938 Heinrich Peters &#8211; Kassenwart &#8211;<\/li>\n<li>1968 Wohler Bahrenburg &#8211; Kassenwart &#8211;<\/li>\n<li>1981 Johann Peters &#8211; Kassenwart, ab 1988 Schatzmeister &#8211;<\/li>\n<li>1992 Rainer Bassen<\/li>\n<li>2001 Luise Riebesell<\/li>\n<li>2016 Klaus Walcher<\/li>\n<\/ul>\n<p>&nbsp;<\/p>\n<p><strong>stellv. Schatzmeister\/in<\/strong><\/p>\n<ul>\n<li>1957 Wohler Bahrenburg &#8211; stellv. Kassenwart &#8211;<\/li>\n<li>1969 Johann Peters &#8211; stellv. Kassenwart &#8211;<\/li>\n<li>1989 Rainer Bassen<\/li>\n<li>1992 Luise Riebesell<\/li>\n<li>2001 Petra Meyer<\/li>\n<li>2005 Annely Rennebach<\/li>\n<li>2013 Anika Nicolai<\/li>\n<\/ul>\n<p><strong><\/div><div class=\"one-half\"><\/strong><\/p>\n<p><strong>Schie\u00dfsportleiter<\/strong><\/p>\n<ul>\n<li>1957 Hinrich Klee &#8211; Schie\u00dfsportwart &#8211;<\/li>\n<li>1966 Oskar Feldmann &#8211; Schie\u00dfsportwart, ab 1969 Sportwart &#8211;<\/li>\n<li>1975 Johann Bassen &#8211; Sportwart, ab 1988 Schie\u00dfsportleiter &#8211;<\/li>\n<li>1995 Heinz Bassen<\/li>\n<li>1999 Gerhard Heitmann<\/li>\n<li>2017 Bianka Maraun<\/li>\n<li>2026 Michaela Menke<\/li>\n<\/ul>\n<p>&nbsp;<\/p>\n<p><strong>stellv. Schie\u00dfsportleiter<\/strong><\/p>\n<ul>\n<li>1966 Johann Bassen &#8211; stellv. Schie\u00dfsportwart, ab 1969 stellv. Sportwart &#8211;<\/li>\n<li>1975 Heinz Bassen &#8211; stellv. Sportwart, ab 1988 stellv. Schie\u00dfsportleiter &#8211;<\/li>\n<li>1995 Martin Riebesell<\/li>\n<li>2003 Steffen Peters<\/li>\n<li>2007 J\u00fcrgen Schr\u00f6der<\/li>\n<li>2023 &#8211; nicht besetzt &#8211;<\/li>\n<li>2026 Jana Schr\u00f6der<\/li>\n<\/ul>\n<p>&nbsp;<\/p>\n<p><strong>Jugendleiter\/in<\/strong><\/p>\n<ul>\n<li>1990 Kerstin Bassen<\/li>\n<li>1991 Doris Heitmann<\/li>\n<li>1999 Margot Huch<\/li>\n<li>2007 Markus Meyer<\/li>\n<li>2014 Bianka Maraun<\/li>\n<li>2026 &#8211; nicht besetzt &#8211;<\/li>\n<\/ul>\n<p>&nbsp;<\/p>\n<p><strong>stellv. Jugendleiter\/in<\/strong><\/p>\n<ul>\n<li>1990 Doris Heitmann<\/li>\n<li>1991 Kerstin Bassen<\/li>\n<li>1992 Annette Klee<\/li>\n<li>2005 Markus Meyer<\/li>\n<li>2007 Birte Meinke<\/li>\n<li>2018 &#8211; nicht besetzt &#8211;<\/li>\n<li>2020 Michaela Menke<\/li>\n<li>2026 &#8211; nicht besetzt &#8211;<\/li>\n<\/ul>\n<p>&nbsp;<\/p>\n<p><strong>Damenleiterin<\/strong><\/p>\n<ul>\n<li>1988 Christa Radde<\/li>\n<li>1994 Heike Indorf<\/li>\n<li>2000 Birgit Witte<\/li>\n<li>2023 Nicole Menke<\/li>\n<\/ul>\n<p>&nbsp;<\/p>\n<p><strong>stellv. Damenleiterin<\/strong><\/p>\n<ul>\n<li>1990 Susanne Karstaedt<\/li>\n<li>1993 Heike Indorf<\/li>\n<li>1994 Kerstin Heitmann<\/li>\n<li>2009 Andrea Heitmann<\/li>\n<li>2022 Nicole Menke<\/li>\n<li>2023 Daniela Wehrmann<\/li>\n<\/ul>\n<p>&nbsp;<\/p>\n<p><strong>Kommandeur<\/strong><\/p>\n<ul>\n<li>2002 Klaus-Dieter J\u00fcrges<\/li>\n<li>2018 Martin Riebesell<\/li>\n<li>2022 &#8211; nicht besetzt &#8211;<\/li>\n<li>2023 Florian Wahlers<\/li>\n<\/ul>\n<p>&nbsp;<\/p>\n<p><strong>stellv. Kommandeur<\/strong><\/p>\n<ul>\n<li>2002 Martin Riebesell<\/li>\n<li>2018 Florian Wahlers<\/li>\n<li>2023 Henning Indorf<\/li>\n<\/ul>\n<p>&nbsp;<\/p>\n<p><strong>Pressewart<\/strong><\/p>\n<ul>\n<li>1989 Bernhard Heitmann<\/li>\n<li>2012 &#8211; nicht besetzt &#8211;<\/li>\n<\/ul>\n<p>&nbsp;<\/p>\n<p><strong>Adjudant<\/strong><\/p>\n<ul>\n<li>1955 Arnold Cordts<\/li>\n<li>1957 Friedrich Dittmer (64)<\/li>\n<li>1969 &#8211; nicht besetzt &#8211;<\/li>\n<\/ul>\n<p><strong><\/div><\/strong><\/p>\n","protected":false},"excerpt":{"rendered":"<p>Vorstand Sch\u00fctzenverein Westervesede Stand: 1. August 2025 1. Vorsitzender Matthias Grobr\u00fcgge 2. Vorsitzender Volker Kr\u00f6ger 3. Vorsitzender Arvid Bassen Beisitzer &#8211; nicht besetzt &#8211; Schriftf\u00fchrerin Sandra Bassen Schatzmeister Klaus Walcher Schie\u00dfsportleiterin Michaela Menke Damenleiterin Nicole Menke Jugendleiterin &#8211; nicht besetzt &#8211; Pressewart &#8211; nicht besetzt &#8211; Kommandeur Florian Wahlers stellv. Schriftf\u00fchrerin Ria Broocks, Deepen stellv. [&hellip;]<\/p>\n","protected":false},"author":11,"featured_media":0,"parent":0,"menu_order":0,"comment_status":"closed","ping_status":"closed","template":"","meta":{"_genesis_hide_title":false,"_genesis_hide_breadcrumbs":false,"_genesis_hide_singular_image":false,"_genesis_hide_footer_widgets":false,"_genesis_custom_body_class":"","_genesis_custom_post_class":"","_genesis_layout":"","footnotes":""},"class_list":{"0":"post-4623","1":"page","2":"type-page","3":"status-publish","5":"entry"},"_links":{"self":[{"href":"https:\/\/veesbook.net\/wordpress\/wp-json\/wp\/v2\/pages\/4623","targetHints":{"allow":["GET"]}}],"collection":[{"href":"https:\/\/veesbook.net\/wordpress\/wp-json\/wp\/v2\/pages"}],"about":[{"href":"https:\/\/veesbook.net\/wordpress\/wp-json\/wp\/v2\/types\/page"}],"author":[{"embeddable":true,"href":"https:\/\/veesbook.net\/wordpress\/wp-json\/wp\/v2\/users\/11"}],"replies":[{"embeddable":true,"href":"https:\/\/veesbook.net\/wordpress\/wp-json\/wp\/v2\/comments?post=4623"}],"version-history":[{"count":17,"href":"https:\/\/veesbook.net\/wordpress\/wp-json\/wp\/v2\/pages\/4623\/revisions"}],"predecessor-version":[{"id":6217,"href":"https:\/\/veesbook.net\/wordpress\/wp-json\/wp\/v2\/pages\/4623\/revisions\/6217"}],"wp:attachment":[{"href":"https:\/\/veesbook.net\/wordpress\/wp-json\/wp\/v2\/media?parent=4623"}],"curies":[{"name":"wp","href":"https:\/\/api.w.org\/{rel}","templated":true}]}}