{"id":5225,"date":"2020-11-10T19:17:56","date_gmt":"2020-11-10T18:17:56","guid":{"rendered":"https:\/\/veesbook.net\/wordpress\/?page_id=5225"},"modified":"2020-11-10T19:54:12","modified_gmt":"2020-11-10T18:54:12","slug":"hermann-backhausen","status":"publish","type":"page","link":"https:\/\/veesbook.net\/wordpress\/geschichten\/menschen\/hermann-backhausen\/","title":{"rendered":"Hermann Backhausen"},"content":{"rendered":"<h3>Hermann Ludwig Friedrich Backhausen<\/h3>\n<p>9. November 1904 bis 12. Juli 1959<\/p>\n<p>(Text aus der Schulchronik Deepen)<br \/>\n<img loading=\"lazy\" decoding=\"async\" class=\"alignnone size-medium wp-image-5227\" src=\"https:\/\/veesbook.net\/wordpress\/wp-content\/uploads\/2020\/11\/Backhausen-Hermann-1-201x300.jpg\" alt=\"\" width=\"201\" height=\"300\" srcset=\"https:\/\/veesbook.net\/wordpress\/wp-content\/uploads\/2020\/11\/Backhausen-Hermann-1-201x300.jpg 201w, https:\/\/veesbook.net\/wordpress\/wp-content\/uploads\/2020\/11\/Backhausen-Hermann-1-298x445.jpg 298w, https:\/\/veesbook.net\/wordpress\/wp-content\/uploads\/2020\/11\/Backhausen-Hermann-1.jpg 692w\" sizes=\"auto, (max-width: 201px) 100vw, 201px\" \/> \u00a0 \u00a0\u00a0 <img loading=\"lazy\" decoding=\"async\" class=\"alignnone size-medium wp-image-5228\" src=\"https:\/\/veesbook.net\/wordpress\/wp-content\/uploads\/2020\/11\/Backhausen-Hermann-2-209x300.jpg\" alt=\"\" width=\"209\" height=\"300\" srcset=\"https:\/\/veesbook.net\/wordpress\/wp-content\/uploads\/2020\/11\/Backhausen-Hermann-2-209x300.jpg 209w, https:\/\/veesbook.net\/wordpress\/wp-content\/uploads\/2020\/11\/Backhausen-Hermann-2-310x445.jpg 310w, https:\/\/veesbook.net\/wordpress\/wp-content\/uploads\/2020\/11\/Backhausen-Hermann-2-1069x1536.jpg 1069w, https:\/\/veesbook.net\/wordpress\/wp-content\/uploads\/2020\/11\/Backhausen-Hermann-2-1425x2048.jpg 1425w, https:\/\/veesbook.net\/wordpress\/wp-content\/uploads\/2020\/11\/Backhausen-Hermann-2-scaled.jpg 1781w\" sizes=\"auto, (max-width: 209px) 100vw, 209px\" \/><\/p>\n<p>Nachruf zum Tod des Lehrers Hermann Backhausen aus der Schulchronik Deepen:<\/p>\n<p>In der Nacht vom 12. zum 13. Juli 1959 starb der Schreiber dieser Chronik, der Lehrer Hermann Backhausen an einem Herzschlag. Er wurde auf dem Friedhof in Rotenburg zur letzten Ruhe gebettet.<\/p>\n<p>Hermann Ludwig Friedrich Backhausen wurde am 9. November 1904 in Rotenburg als Sohn des Lehrers und sp\u00e4teren Konrektors Georg Backhausen und dessen Ehefrau Dora geb. Bammann geboren.<br \/>\nEr wurde in der Kirche zu Rotenburg getauft. Sp\u00e4ter besuchte er bis zum Abschluss die Rotenburger Mittelschule.<br \/>\nDa er, wie sein Vater, Lehrer werden wollte, fand er Aufnahme in der Pr\u00e4parandenanstalt in Verden und durchlief anschlie\u00dfend die Klassen des dortigen Seminars. Er legte im Jahre 1925 die erste Lehrerpr\u00fcfung ab.<br \/>\nEs war damals die Zeit der Junglehrernot. So kam es, dass er als Lehrer in einer Reihe von Orten eingesetzt wurde und auch eine Zeitlang in Deepen t\u00e4tig war, wo er seine sp\u00e4tere Lebensgef\u00e4hrtin kennenlernte.<br \/>\nNach Ablegung der 2. Lehrerpr\u00fcfung fand er seine feste Anstellung an der einklassigen Schule zu Heise im Kreis Weserm\u00fcnde. Seitdem ist er der einklassigen Schule immer treu geblieben.<br \/>\nAm 6. April 1934 heiratete er Anna Riebesehl, die Tochter des Halbh\u00f6fners Hinrich Riebesehl aus Deepen und dessen Ehefrau Christine geb. Meinken.<br \/>\nAus der Ehe gingen sechs Kinder hervor, die alle noch leben.<br \/>\nW\u00e4hrend des 2. Weltkrieges wurde der Entschlafene zur Wehrmacht einberufen und geh\u00f6rte zu den Besatzungstruppen in Norwegen.<br \/>\nSein Truppenteil, es war eine Radfahrerkompanie, hatte bei dem gebirgigem Charakter des Landes keinen leichten Dienst. Wahrscheinlich waren die Anstrengungen dieser Kriegsjahre mit eine Ursache der Herzschw\u00e4che, die sich sp\u00e4ter bei ihm einstellte.<br \/>\nNach Kriegsende kehrte er zu seiner Familie nach Heise zur\u00fcck und \u00fcbernahm wieder seinen Schuldienst.<br \/>\nIm Jahre 1949 bewarb er sich um die Stelle in Deepen, die er bis zu seinem Tode versehen hat.<br \/>\nIn Deepen konnte er in diesem Jahre mit den Seinen das Fest der Silbernen Hochzeit feiern.<br \/>\nVon seinem Fenster aus sah er, in den letzten Monaten die neue Deepener Schule emporwachsen. Es war ihm nicht mehr verg\u00f6nnt, darin als Lehrer zu wirken.<br \/>\nIn der Nacht des 12. Juli sa\u00df er in seinem Zimmer und schrieb den Lebenslauf einer Verstorbenen. Da nahm ihm der Tod die Feder aus der Hand. Ein Herzschlag setzte seinem Leben ein j\u00e4hes Ende.<br \/>\nEr war erst 54 Jahre 8 Monate und 3 Tage alt.<\/p>\n<p>Um seinen Verlust trauern seine Ehefrau, drei S\u00f6hne, drei T\u00f6chter, ein Schwiegersohn, zwei Schwiegert\u00f6chter, ein Enkelkind zwei Br\u00fcder, vier Schwestern, Schwager und Schw\u00e4gerinnen und andere nahe Verwandte und Bekannte.<\/p>\n<figure id=\"attachment_5229\" aria-describedby=\"caption-attachment-5229\" style=\"width: 704px\" class=\"wp-caption alignnone\"><img loading=\"lazy\" decoding=\"async\" class=\"zoooom wp-image-5229 size-large\" src=\"https:\/\/veesbook.net\/wordpress\/wp-content\/uploads\/2020\/11\/Backhausen-Klasse-1952-704x445.jpg\" alt=\"\" width=\"704\" height=\"445\" srcset=\"https:\/\/veesbook.net\/wordpress\/wp-content\/uploads\/2020\/11\/Backhausen-Klasse-1952-704x445.jpg 704w, https:\/\/veesbook.net\/wordpress\/wp-content\/uploads\/2020\/11\/Backhausen-Klasse-1952-300x190.jpg 300w, https:\/\/veesbook.net\/wordpress\/wp-content\/uploads\/2020\/11\/Backhausen-Klasse-1952-1536x972.jpg 1536w, https:\/\/veesbook.net\/wordpress\/wp-content\/uploads\/2020\/11\/Backhausen-Klasse-1952-2048x1295.jpg 2048w\" sizes=\"auto, (max-width: 704px) 100vw, 704px\" \/><figcaption id=\"caption-attachment-5229\" class=\"wp-caption-text\">Schulklasse Deepen 1952<\/figcaption><\/figure>\n<p>Febr. 1952: Eine Klassenaufnahme (Soltauer Fotoverlag)<br \/>\nI. von l \u2013 r: Backhausen; Annadora B.; Hilde Ebert; Brigitte Neumann; Ursula N.; Marianne Wichern; Doris Brahl<br \/>\nII. Hermann B.; Hinrich Behrens; Walter Miesner; Johann L\u00fcdemann; Fritz Oetjen; Horst H\u00f6ll; Joachim Weseloh.<br \/>\nIII. Ilse Kracke; Helga Baden; Christa Weseloh; Ingrid Ebert; Gisela Ebert; Ingrid Philippzig<br \/>\nIV. Johann Heitmann; Alfons Brahl; Siegfried Patzer; Wilfried L\u00fcdemann; Karl-Heinz Patzer<br \/>\nV. Heidi Philippzig; Annegret Heitmann; Gertrud Kracke; Helmut Reiss; Egon Weseloh<\/p>\n<p>Nachfolges Bild hat Hermann Backhausen als Junglehrer 1930 zum Gedicht \u201eDie goldene Wiege\u201c von Hermann L\u00f6ns gemalt:<\/p>\n<p><img loading=\"lazy\" decoding=\"async\" class=\"alignleft wp-image-5226\" src=\"https:\/\/veesbook.net\/wordpress\/wp-content\/uploads\/2020\/11\/Backhausen-Bild.jpg\" alt=\"\" width=\"375\" height=\"516\" srcset=\"https:\/\/veesbook.net\/wordpress\/wp-content\/uploads\/2020\/11\/Backhausen-Bild.jpg 918w, https:\/\/veesbook.net\/wordpress\/wp-content\/uploads\/2020\/11\/Backhausen-Bild-218x300.jpg 218w, https:\/\/veesbook.net\/wordpress\/wp-content\/uploads\/2020\/11\/Backhausen-Bild-323x445.jpg 323w\" sizes=\"auto, (max-width: 375px) 100vw, 375px\" \/><\/p>\n<h5>Die goldene Wiege<br \/>\nVon Hermann L\u00f6ns<\/h5>\n<p>Am Heidberg geht ein leises Singen,<br \/>\nein leises Singen her und hin,<br \/>\nda sitzt und wiegt die goldne Wiege<br \/>\ndie tote Zwergenk\u00f6nigin.<\/p>\n<p>Frau K\u00f6nigin, Euch will ich &#8217;s klagen,<br \/>\nwill klagen Euch mein Herzeleid,<br \/>\nmein Schatz hat treulos mich verraten,<br \/>\nmein Herz, das weint vor Traurigkeit.<\/p>\n<p>So gib es her, ich will es wiegen,<br \/>\nbis da\u00df es schl\u00e4ft f\u00fcr immer ein,<br \/>\nsoll in der goldnen Wiege schlafen<br \/>\nbei meinem toten Kindelein.<\/p>\n<p>Und wiegt Ihr es auch sieben Jahre<br \/>\nund wiegt Ihr es auch immerzu,<br \/>\nes h\u00f6rt und h\u00f6rt nicht auf zu weinen,<br \/>\nes l\u00e4\u00dft und l\u00e4\u00dft mir keine Ruh&#8216;.<\/p>\n<p>Ich wei\u00df ein tiefes Wasser rauschen,<br \/>\nes rauscht ein Lied, das keiner kennt,<br \/>\ndas soll mein Herz in Schlummer singen,<br \/>\nerst dann hat seine Not ein End\u2018.<\/p>\n","protected":false},"excerpt":{"rendered":"<p>Hermann Ludwig Friedrich Backhausen 9. November 1904 bis 12. Juli 1959 (Text aus der Schulchronik Deepen) \u00a0 \u00a0\u00a0 Nachruf zum Tod des Lehrers Hermann Backhausen aus der Schulchronik Deepen: In der Nacht vom 12. zum 13. Juli 1959 starb der Schreiber dieser Chronik, der Lehrer Hermann Backhausen an einem Herzschlag. Er wurde auf dem Friedhof [&hellip;]<\/p>\n","protected":false},"author":11,"featured_media":5227,"parent":239,"menu_order":0,"comment_status":"closed","ping_status":"closed","template":"","meta":{"_genesis_hide_title":false,"_genesis_hide_breadcrumbs":false,"_genesis_hide_singular_image":false,"_genesis_hide_footer_widgets":false,"_genesis_custom_body_class":"","_genesis_custom_post_class":"","_genesis_layout":"","footnotes":""},"class_list":{"0":"post-5225","1":"page","2":"type-page","3":"status-publish","4":"has-post-thumbnail","6":"entry"},"_links":{"self":[{"href":"https:\/\/veesbook.net\/wordpress\/wp-json\/wp\/v2\/pages\/5225","targetHints":{"allow":["GET"]}}],"collection":[{"href":"https:\/\/veesbook.net\/wordpress\/wp-json\/wp\/v2\/pages"}],"about":[{"href":"https:\/\/veesbook.net\/wordpress\/wp-json\/wp\/v2\/types\/page"}],"author":[{"embeddable":true,"href":"https:\/\/veesbook.net\/wordpress\/wp-json\/wp\/v2\/users\/11"}],"replies":[{"embeddable":true,"href":"https:\/\/veesbook.net\/wordpress\/wp-json\/wp\/v2\/comments?post=5225"}],"version-history":[{"count":11,"href":"https:\/\/veesbook.net\/wordpress\/wp-json\/wp\/v2\/pages\/5225\/revisions"}],"predecessor-version":[{"id":5241,"href":"https:\/\/veesbook.net\/wordpress\/wp-json\/wp\/v2\/pages\/5225\/revisions\/5241"}],"up":[{"embeddable":true,"href":"https:\/\/veesbook.net\/wordpress\/wp-json\/wp\/v2\/pages\/239"}],"wp:featuredmedia":[{"embeddable":true,"href":"https:\/\/veesbook.net\/wordpress\/wp-json\/wp\/v2\/media\/5227"}],"wp:attachment":[{"href":"https:\/\/veesbook.net\/wordpress\/wp-json\/wp\/v2\/media?parent=5225"}],"curies":[{"name":"wp","href":"https:\/\/api.w.org\/{rel}","templated":true}]}}